s) = -4*s**2 + 25*s + 608. Let i(k) = -3*k**2 + 19*k + 460. Let d(v) = -13*i(v) + 10*w(v). Calculate d(-8).
12
Suppose 205 = 128*s - 400 - 35. Let z(n) = -n**3 + 7*n**2 - 14*n + 12. Give z(s).
-8
Suppose 46*h - 19*h = 0. Let x(b) be the second derivative of h - 2*b**2 - 2/3*b**3 - 3*b. Calculate x(3).
-16
Let x(s) be the second derivative of s**5/20 + s**4 + 4*s**3/3 - 5*s**2/2 - 7968*s + 1. Calculate x(-4).
91
Let c(y) = -30*y + 1270. Let v(r) = 46*r - 1931. Let j(m) = 8*c(m) + 5*v(m). Determine j(50).
5
Let d be 12*1 + -4 + 1. Suppose -12*m = -d*m - 198. Let v be 2/(-11) + 12/m. Let b(t) = t**2 - t + 3. Give b(v).
3
Let w(g) be the third derivative of g**5/20 + 11*g**4/24 - 5*g**3/2 + 76*g**2 - 2*g. Let q be w(-4). Let u(t) = t + 8. Determine u(q).
-3
Let v(p) = -p + 2. Let d be v(-4). Let x be -2 + 16 + 3 + -2. Let s(c) = 9*c**2 + x - c**3 - c**2 - 10*c - c**2 - 6. Determine s(d).
-15
Let m(o) = 2743*o**3 - o**2 - 3 - o - 2746*o**3 + 4. Let d(f) = -f - 2. Let h be d(-3). Determine m(h).
-4
Let j(f) = 2*f + 60 - 63 - 15*f. Let w be j(4). Let v = -47 - w. Let q(n) = -n + 3. Calculate q(v).
-5
Let w = 595 + -576. Suppose -4*j + j - 54 = 0. Let q = j + w. Let n(l) = 8*l - 1. Calculate n(q).
7
Suppose 4 - 20 = 4*t. Let u(k) = 7*k**2 - 2*k - 1. Let y(f) = 5*f**2 - f - 1. Suppose -15*j + j - 42 = 0. Let v(q) = j*y(q) + 2*u(q). Determine v(t).
-11
Let w be (-30)/(-55) + (-1926)/(-99). Suppose 2*f + w = 4*t, -f - 2*t + 3*t = 7. Let n(q) = 2*q**2 + 7*q - 1 - q**2 + 7. Calculate n(f).
-6
Let k be (104/39)/((-1)/(-3)). Suppose k*v + 3*v = -13*v. Let z(t) = t**2 + 8. What is z(v)?
8
Let h(c) = -2*c**3 + 119*c**2 + 312*c - 116. Let f be h(62). Let x(w) = w**3 - 8*w**2 + 20*w - 154. Give x(f).
6
Let y(w) be the third derivative of w**6/120 + w**5/20 - w**4/24 + w**3/2 + w**2. Let v be (-1)/((-3)/12*(-24)/(-54)). Suppose 13*g = 16*g + v. Give y(g).
6
Let h(d) = 17*d**2 - 11*d - 19*d**2 - 7*d + 12 + d + 4*d. Let k be (-176)/32 - (-3)/(-2). Calculate h(k).
5
Let a = -605 + 749. Suppose 6*p + a = -18*p. Let g(o) = o**3 + 7*o**2 + 3*o - 11. What is g(p)?
7
Let b(q) = q**3 - 7*q**2 - 29*q - 8. Let t be b(10). Let x(w) = -324*w**2 + 3*w - t + 162*w**2 + 163*w**2. Calculate x(2).
8
Let u(f) = 10*f - 1. Let m(j) be the first derivative of -21*j**2/2 + 335*j + 30. Let i be m(16). Calculate u(i).
-11
Let r(v) = 4*v**3 + 7*v**2 + v - 361. Let s(q) = 9*q**3 + 14*q**2 + 3*q - 840. Let t(m) = 7*r(m) - 3*s(m). Let z be 2/3*105/(-10). Determine t(z).
7
Let p(s) = 32*s - 613. Let i be p(19). Let c(v) = v**3 + 2*v**2 - 15*v + 5. What is c(i)?
5
Let n(h) be the second derivative of 1/720*h**6 + 17*h + 0*h**5 - 1/2*h**4 + 0*h**2 + 0*h**3 + 0. Let t(o) be the third derivative of n(o). What is t(-4)?
-4
Let y(r) = 4*r**2 - 3*r**2 - r**3 + 0*r + 2*r + 7*r - 6*r. Let t(j) = -5*j**3 + 9*j**2 + 14*j - 8. Let g(p) = -t(p) + 4*y(p). Calculate g(6).
32
Let l(h) = 15*h**3 + 3*h**2 - 16*h - 88. Let x(s) = 10*s**3 + 2*s**2 - 10*s - 55. Let n(c) = 5*l(c) - 8*x(c). Give n(-2).
36
Let t(g) = -35 + 181 - 40 - 10*g - 42 - 52. Calculate t(-4).
52
Let j(i) = 49*i**3 + 23*i**2 + 20*i + 67. Let b(c) = 106*c**3 + 46*c**2 + 39*c + 136. Let a(p) = -6*b(p) + 13*j(p). Calculate a(-22).
-33
Let g be (43/((-387)/(-4)))/(16/12). Let p(h) be the first derivative of 1/4*h**4 + 1/2*h**2 - g*h**3 - 4 - 2*h. What is p(2)?
4
Let u(v) be the first derivative of 2*v - 1/4*v**4 + 2/3*v**3 + 3/2*v**2 + 28. What is u(-2)?
12
Let k(h) = h**3 - h**2 + 8*h - 11. Let t be k(2). Let g(a) be the second derivative of 0 + 3*a**2 + 1/3*a**4 + t*a - 1/20*a**5 + 1/6*a**3. Calculate g(5).
-14
Suppose -5*i = 4*o + 115 - 111, 0 = 2*i - o - 14. Let f(b) = -b**2 - b - 2. Give f(i).
-22
Let a = -5434 - -5450. Let b(f) = f**3 - 15*f**2 - 18*f + 38. Calculate b(a).
6
Let h(i) be the third derivative of 0 - 5/2*i**3 + 0*i - 1/6*i**4 - 20*i**2. Let w be h(-5). Let x(o) = o**2 - 5*o - 1. Give x(w).
-1
Let l be -5*(-10 - 320/(-50)). Let u(s) = -4*s + 32. Give u(l).
-40
Let s(n) = 13*n**2 - 4*n - 2. Let b be s(-1). Suppose -o + 4*r = -b - 3, -o - r - 2 = 0. Suppose 0 = -o*v + 29 - 11. Let i(y) = y - 13. What is i(v)?
-4
Let h(m) = m**2 - m + 64 - 65 + m**3 - 4*m**2 + 0*m**3 + 6*m**2. Suppose 3*u = -2*u - 20. Let g = -7 - u. Give h(g).
2
Let t(m) be the first derivative of -m**2 - 29*m + 103. Determine t(12).
-53
Let b(s) = 3*s**3 - 4*s**2 - 9*s - 6. Let f(v) = 4*v**3 - 3*v**2 - 10*v - 6. Let i(k) = 3*b(k) - 2*f(k). Let g = 22 - 21. Let t be g*(4 + 21/7). Calculate i(t).
-6
Let b(u) be the third derivative of -1/6*u**4 + 0 + 1/6*u**3 - 66*u**2 + 0*u. What is b(-3)?
13
Let g(d) be the second derivative of d**3/3 - 3*d**2/2 + 3*d - 14448. Suppose -5*a = -2*y - 20, -3*a + 3*y = 2*a - 20. Give g(a).
5
Let v = 410 - 174. Let z = v + -236. Let t(h) = h**2 + h + 19. What is t(z)?
19
Let w(t) = t**3 + 14*t**2 + 4*t + 62. Let d be w(-14). Let l(b) be the first derivative of b**4/4 - 2*b**3 - 4*b**2 + 7*b - 51. Determine l(d).
-41
Let z = -175 + 181. Let n(q) = 10*q + q - z*q. Give n(-6).
-30
Let h(f) = 2*f + 4*f**3 - 47 + 50 + 2*f - 5*f**3 + 10*f**2 + 5*f**3. Give h(-2).
3
Let b(o) = -o + 4. Let h(z) = 5*z - 18. Let p(k) = -11*b(k) - 2*h(k). Let s = 26 - 22. Suppose -5 - 31 = 4*t - s*i, 5*t - 3*i + 45 = 0. What is p(t)?
-17
Let p(s) be the second derivative of 3*s**3/2 - 39*s**2/2 + 4807*s. Give p(4).
-3
Let c(g) = -2*g**3 + 16*g**2 - 3*g + 12. Suppose -634 = -130*v + 9*v + 334. Determine c(v).
-12
Let u(a) = a - 7. Let h(l) be the first derivative of -4*l + 159. Let m(t) = -h(t) + u(t). Suppose -10 = -2*o - 0. Give m(o).
2
Let d(t) be the third derivative of t**5/60 + t**4/24 - 4*t**3/3 + 2*t**2 - 17*t. Let z = 17 - 17. Calculate d(z).
-8
Let a(x) be the second derivative of -7*x**4/12 + x**3/6 + 207*x - 3. Calculate a(2).
-26
Let a(w) = 6*w - 16. Let t(r) be the third derivative of -r**4/12 - 3*r**2 + 55*r. Let b(c) = -a(c) - 2*t(c). Give b(11).
-6
Suppose 2*y + 17 = 5*j, 2 = -j + 145*y - 150*y. Let c(v) = -18*v - 2 + 13*v + 4*v. What is c(j)?
-5
Let y(l) = -3*l - 2. Let a(v) = 2*v - 9. Let c(x) = a(x) - 6*y(x). Determine c(-1).
-17
Let q(a) = -17 + a - 3*a + 5*a - 5*a + 4*a. Let w(z) = -z + 15. Let y(p) = -2*q(p) - 3*w(p). What is y(-5)?
-6
Let r(k) = -4*k + 122. Let l be 34 + 2*(-1)/6*9. Let a be r(l). Let d(b) = -7*b - 1. What is d(a)?
13
Let p(c) be the second derivative of -7*c**3/2 + 73*c**2/2 + 2014*c. What is p(4)?
-11
Let y(b) = -5*b**2 - 4*b - 3. Let v(k) = 8*k**2 - 7 - 9*k**2 + 6. Let f(l) = 4*v(l) - y(l). Determine f(-5).
4
Suppose -2*o + 12 = -4*l, -3*o - 2*l + 2 = -2*o. Let x(d) = -2*d**2 + 1 + 13*d**3 - 2*d + 3 - 12*d**3 - o*d**2. Determine x(6).
-8
Suppose 3*d - 29 = -23. Let c(b) = -1 - 7*b + 2*b**2 - 13*b**d + 9*b**2 + 4*b**2. What is c(5)?
14
Let k(p) = p**3 - 38*p - 6*p**2 - 9*p**2 + 2*p**2 - 35*p + 60*p - 16. Determine k(14).
-2
Let k = 11 + 263. Let c = k - 276. Let f(s) be the second derivative of -s**5/20 + s**4/12 + s**2 + s. What is f(c)?
14
Let a(w) = 2*w**2 - w - 2. Let g(l) = -3*l - 10. Suppose 3*d = 2*d - 4. Let z be g(d). Suppose v - 3 = -r, -v - 2*r = z*r - 6. Give a(v).
4
Suppose 67*w - 10*w = -456. Let t(z) = -8*z - 20. Calculate t(w).
44
Suppose 4*b + 7*b = 3*b + 32. Let c(h) = -2*h**2 + 7*h - 18. Determine c(b).
-22
Let d = -97 + 100. Suppose -5*r = 5*t - 25, -t = 3*t + r - 20. Let z(u) = -2*u**2 + 2*u**3 - 3*u + 4*u**d - 4*u**3 + t*u. Calculate z(2).
12
Let u(v) be the third derivative of -v**4/24 + 2*v**3/3 - 2*v**2. Let t = 111 - -95. Let c = t + -200. Calculate u(c).
-2
Suppose -2*p = -3*a + 64 - 81, 0 = 5*p + 2*a - 14. Let n(g) = 2*g**2 + 5*g - 14. What is n(p)?
38
Let z(c) = -2 - 25 - 7*c + 22 + c**2 - 3. What is z(4)?
-20
Let r(a) = -a**2 + 358*a - 20 + 364*a - 730*a. Calculate r(-5).
-5
Let a(r) = -2*r**3 - 2*r. Let n = 63 - 50. Suppose 15*g + 4 = n*g. What is a(g)?
20
Let y(v) be the third derivative of 27*v**2 + 1/12*v**4 - 1/30*v**5 + 0 - 19/3*v**3 - 1/360*v**6 + 0*v. Let d(a) be the first derivative of y(a). Give d(-3).
5
Suppose -4*g + g + 27 = 0. Let s(w) be the first derivative of -w**4/4 + 3*w**3 + w**2/2 - 10*w + 3448. Calculate s(g).
-1
Let z = -147376 + 147377. Let y(v) be the second derivative of -5*v**4/6 - v**3/6 + v**2/2 - v. Give y(z).
-10
Let z = -8 - -25. Suppose -150 = -z*v + 2*v